{"id":370,"date":"2023-04-16T21:28:58","date_gmt":"2023-04-16T19:28:58","guid":{"rendered":"http:\/\/lamaisn.cluster029.hosting.ovh.net\/?page_id=370"},"modified":"2023-04-16T21:29:01","modified_gmt":"2023-04-16T19:29:01","slug":"a-propos","status":"publish","type":"page","link":"https:\/\/lamaisondurondfromage.be\/index.php\/a-propos\/","title":{"rendered":"A propos"},"content":{"rendered":"\n<h2 class=\"wp-block-heading has-text-align-center has-large-font-size\">A propos de nous.<\/h2>\n\n\n\n<div style=\"height:42px\" aria-hidden=\"true\" class=\"wp-block-spacer\"><\/div>\n\n\n\n<p class=\"has-text-align-center\">Beaucoup de lectures, la d\u00e9couverte de la permaculture, un d\u00e9part inopin\u00e9, la rencontre avec les abeilles et une approche de la vie diff\u00e9rente, les mains chez \u00ab&nbsp;Les pieds sur terre&nbsp;\u00bb, une formation en herboristerie, \u2026<\/p>\n\n\n<div class=\"wp-block-image is-style-rounded\">\n<figure class=\"alignleft size-full is-resized\"><img loading=\"lazy\" decoding=\"async\" src=\"http:\/\/lamaisn.cluster029.hosting.ovh.net\/wp-content\/uploads\/2023\/03\/20221128_213649-1.jpg\" alt=\"\" class=\"wp-image-149\" width=\"234\" height=\"176\" srcset=\"https:\/\/lamaisondurondfromage.be\/wp-content\/uploads\/2023\/03\/20221128_213649-1.jpg 448w, https:\/\/lamaisondurondfromage.be\/wp-content\/uploads\/2023\/03\/20221128_213649-1-300x225.jpg 300w\" sizes=\"auto, (max-width: 234px) 100vw, 234px\" \/><\/figure>\n<\/div>\n\n\n<p class=\"has-text-align-center\">Il a fallu au moins tout \u00e7a pour voir na\u00eetre en 2022&nbsp;&nbsp;&nbsp;&nbsp;&nbsp;<\/p>\n\n\n\n<p class=\"has-text-align-center has-medium-font-size\"><strong>\u00ab&nbsp;Mariette et ses Herbettes&nbsp;\u00bb<\/strong><\/p>\n\n\n\n<p>On cultive sur une surface de 30 ares des plantes aromatiques et m\u00e9dicinales.<\/p>\n\n\n<div class=\"wp-block-image is-style-rounded\">\n<figure class=\"alignright is-resized\"><img loading=\"lazy\" decoding=\"async\" src=\"http:\/\/lamaisn.cluster029.hosting.ovh.net\/wp-content\/uploads\/2023\/02\/20221115_213314-576x1024.jpg\" alt=\"\" width=\"116\" height=\"206\"\/><\/figure>\n<\/div>\n\n\n<p>On cueille ce que la nature nous donne (ou nous autorise \u00e0 prendre&nbsp;!)<\/p>\n\n\n\n<p>On collabore avec un couple de mara\u00eechers.<\/p>\n\n\n\n<p>Tout \u00e7a nous donne des bons produits qui font du bien. Les plantes sont cultiv\u00e9es et transform\u00e9es dans les communes de Bertogne, Bastogne et Tenneville.<\/p>\n\n\n\n<p><\/p>\n\n\n\n<p>Pour que vos repas, vos partages, vos soins soient bons et locaux&nbsp;!<\/p>\n","protected":false},"excerpt":{"rendered":"<p>A propos de nous. Beaucoup de lectures, la d\u00e9couverte de la permaculture, un d\u00e9part inopin\u00e9, la rencontre avec les abeilles et une approche de la vie diff\u00e9rente, les mains chez \u00ab&nbsp;Les pieds sur terre&nbsp;\u00bb, une formation en herboristerie, \u2026 Il a fallu au moins tout \u00e7a pour voir na\u00eetre en 2022&nbsp;&nbsp;&nbsp;&nbsp;&nbsp; \u00ab&nbsp;Mariette et ses Herbettes&nbsp;\u00bb&hellip;&nbsp;<a href=\"https:\/\/lamaisondurondfromage.be\/index.php\/a-propos\/\" rel=\"bookmark\">Lire la suite &raquo;<span class=\"screen-reader-text\">A propos<\/span><\/a><\/p>\n","protected":false},"author":1,"featured_media":0,"parent":0,"menu_order":0,"comment_status":"closed","ping_status":"closed","template":"","meta":{"neve_meta_sidebar":"","neve_meta_container":"","neve_meta_enable_content_width":"","neve_meta_content_width":0,"neve_meta_title_alignment":"","neve_meta_author_avatar":"","neve_post_elements_order":"","neve_meta_disable_header":"","neve_meta_disable_footer":"","neve_meta_disable_title":"","footnotes":""},"class_list":["post-370","page","type-page","status-publish","hentry"],"jetpack_sharing_enabled":true,"_links":{"self":[{"href":"https:\/\/lamaisondurondfromage.be\/index.php\/wp-json\/wp\/v2\/pages\/370","targetHints":{"allow":["GET"]}}],"collection":[{"href":"https:\/\/lamaisondurondfromage.be\/index.php\/wp-json\/wp\/v2\/pages"}],"about":[{"href":"https:\/\/lamaisondurondfromage.be\/index.php\/wp-json\/wp\/v2\/types\/page"}],"author":[{"embeddable":true,"href":"https:\/\/lamaisondurondfromage.be\/index.php\/wp-json\/wp\/v2\/users\/1"}],"replies":[{"embeddable":true,"href":"https:\/\/lamaisondurondfromage.be\/index.php\/wp-json\/wp\/v2\/comments?post=370"}],"version-history":[{"count":5,"href":"https:\/\/lamaisondurondfromage.be\/index.php\/wp-json\/wp\/v2\/pages\/370\/revisions"}],"predecessor-version":[{"id":391,"href":"https:\/\/lamaisondurondfromage.be\/index.php\/wp-json\/wp\/v2\/pages\/370\/revisions\/391"}],"wp:attachment":[{"href":"https:\/\/lamaisondurondfromage.be\/index.php\/wp-json\/wp\/v2\/media?parent=370"}],"curies":[{"name":"wp","href":"https:\/\/api.w.org\/{rel}","templated":true}]}}