{"id":16,"date":"2023-03-23T17:25:44","date_gmt":"2023-03-23T16:25:44","guid":{"rendered":"http:\/\/lamaisn.cluster029.hosting.ovh.net\/?page_id=16"},"modified":"2025-11-28T12:05:22","modified_gmt":"2025-11-28T11:05:22","slug":"la-culture","status":"publish","type":"page","link":"https:\/\/lamaisondurondfromage.be\/index.php\/la-culture\/","title":{"rendered":"Les cultures"},"content":{"rendered":"\n<p><\/p>\n\n\n\n<h2 class=\"wp-block-heading has-text-align-center has-nv-site-bg-background-color has-background\">Quel plaisir de vous proposer des plantes que nous installons, nous transformons, ici, en Ardenne!<\/h2>\n\n\n<div class=\"wp-block-image is-style-rounded\">\n<figure class=\"alignright size-full is-resized\"><img loading=\"lazy\" decoding=\"async\" width=\"1440\" height=\"2560\" src=\"https:\/\/lamaisondurondfromage.be\/wp-content\/uploads\/2025\/11\/IMG_20241018_105914-scaled.jpg\" alt=\"\" class=\"wp-image-501\" style=\"aspect-ratio:0.5639097744360902;width:194px;height:auto\" srcset=\"https:\/\/lamaisondurondfromage.be\/wp-content\/uploads\/2025\/11\/IMG_20241018_105914-scaled.jpg 1440w, https:\/\/lamaisondurondfromage.be\/wp-content\/uploads\/2025\/11\/IMG_20241018_105914-scaled-1000x1778.jpg 1000w, https:\/\/lamaisondurondfromage.be\/wp-content\/uploads\/2025\/11\/IMG_20241018_105914-169x300.jpg 169w, https:\/\/lamaisondurondfromage.be\/wp-content\/uploads\/2025\/11\/IMG_20241018_105914-576x1024.jpg 576w, https:\/\/lamaisondurondfromage.be\/wp-content\/uploads\/2025\/11\/IMG_20241018_105914-768x1365.jpg 768w, https:\/\/lamaisondurondfromage.be\/wp-content\/uploads\/2025\/11\/IMG_20241018_105914-864x1536.jpg 864w, https:\/\/lamaisondurondfromage.be\/wp-content\/uploads\/2025\/11\/IMG_20241018_105914-1152x2048.jpg 1152w, https:\/\/lamaisondurondfromage.be\/wp-content\/uploads\/2025\/11\/IMG_20241018_105914-1320x2347.jpg 1320w\" sizes=\"auto, (max-width: 1440px) 100vw, 1440px\" \/><figcaption class=\"wp-element-caption\">  Agastache, thym,            sarriette<\/figcaption><\/figure>\n<\/div>\n\n\n<p>La vie, sans le travail de la terre, serait bien triste. <\/p>\n\n\n\n<p>Donc, nous cultivons: <\/p>\n\n\n<div class=\"wp-block-image is-style-rounded\">\n<figure class=\"alignleft size-full is-resized\"><img loading=\"lazy\" decoding=\"async\" width=\"1920\" height=\"2560\" src=\"https:\/\/lamaisondurondfromage.be\/wp-content\/uploads\/2025\/11\/P1170094-scaled.jpg\" alt=\"\" class=\"wp-image-503\" style=\"aspect-ratio:0.5639097744360902;width:179px;height:auto\" srcset=\"https:\/\/lamaisondurondfromage.be\/wp-content\/uploads\/2025\/11\/P1170094-scaled.jpg 1920w, https:\/\/lamaisondurondfromage.be\/wp-content\/uploads\/2025\/11\/P1170094-scaled-1000x1333.jpg 1000w, https:\/\/lamaisondurondfromage.be\/wp-content\/uploads\/2025\/11\/P1170094-225x300.jpg 225w, https:\/\/lamaisondurondfromage.be\/wp-content\/uploads\/2025\/11\/P1170094-768x1024.jpg 768w, https:\/\/lamaisondurondfromage.be\/wp-content\/uploads\/2025\/11\/P1170094-1152x1536.jpg 1152w, https:\/\/lamaisondurondfromage.be\/wp-content\/uploads\/2025\/11\/P1170094-1536x2048.jpg 1536w, https:\/\/lamaisondurondfromage.be\/wp-content\/uploads\/2025\/11\/P1170094-1320x1760.jpg 1320w\" sizes=\"auto, (max-width: 1920px) 100vw, 1920px\" \/><figcaption class=\"wp-element-caption\">Calendula<\/figcaption><\/figure>\n<\/div>\n\n\n<p>=&gt; des plantes vivaces, que nous repiquons, bouturons pour les installer sur notre terrain \u00e0 Champs ainsi que dans la serre qui sera install\u00e9e cette ann\u00e9e.<\/p>\n\n\n\n<p>=&gt; des plantes annuelles (fleurs,&#8230;) que nous semons ou que nous choisissons de laisser revenir seules. On remet juste un peu d&rsquo;ordre dans cette folie color\u00e9e. Cela veut dire qu&rsquo;on les change de place, de mani\u00e8re \u00e0 pouvoir travailler de fa\u00e7on organis\u00e9e et de s&rsquo;y retrouver. Si ces fleurs se sont ressem\u00e9es, c&rsquo;est qu&rsquo;elles se plaisent donc, on les laisse faire un maximum.<\/p>\n\n\n\n<p>=&gt; La culture, c&rsquo;est aussi le travail du sol. On essaie d&rsquo;intervenir le moins possible mais certaines choses sont in\u00e9luctables. On r\u00e9alise un premier travail de la terre avec des b\u00e2ches (pour faire mourir l&rsquo;herbe). On fait un petit labour puis nous travaillons la terre avec des outils manuels. On installe ensuite ce petit monde. <\/p>\n\n\n\n<p>=&gt; On paille, mais pourquoi? Pour prot\u00e9ger certaines plantes des frimas de l&rsquo;hiver mais aussi, prot\u00e9ger les autres de la s\u00e9cheresse en \u00e9t\u00e9. La paille, les feuilles mortes, l&rsquo;herbe de tonte prot\u00e8ge la terre nue mais permet aussi de garder une vie . La terre subit moins les diff\u00e9rences de temp\u00e9ratures, la vie reste pr\u00e9sente. Cela prot\u00e8ge les plantes et nous, \u00e7a nous \u00e9vite du travail de nettoyage consid\u00e9rable.<\/p>\n\n\n<div class=\"wp-block-image is-style-rounded\">\n<figure class=\"alignright size-full is-resized\"><img loading=\"lazy\" decoding=\"async\" width=\"1920\" height=\"2560\" src=\"https:\/\/lamaisondurondfromage.be\/wp-content\/uploads\/2025\/11\/P1170090-scaled.jpg\" alt=\"\" class=\"wp-image-502\" style=\"width:257px;height:auto\" srcset=\"https:\/\/lamaisondurondfromage.be\/wp-content\/uploads\/2025\/11\/P1170090-scaled.jpg 1920w, https:\/\/lamaisondurondfromage.be\/wp-content\/uploads\/2025\/11\/P1170090-scaled-1000x1333.jpg 1000w, https:\/\/lamaisondurondfromage.be\/wp-content\/uploads\/2025\/11\/P1170090-225x300.jpg 225w, https:\/\/lamaisondurondfromage.be\/wp-content\/uploads\/2025\/11\/P1170090-768x1024.jpg 768w, https:\/\/lamaisondurondfromage.be\/wp-content\/uploads\/2025\/11\/P1170090-1152x1536.jpg 1152w, https:\/\/lamaisondurondfromage.be\/wp-content\/uploads\/2025\/11\/P1170090-1536x2048.jpg 1536w, https:\/\/lamaisondurondfromage.be\/wp-content\/uploads\/2025\/11\/P1170090-1320x1760.jpg 1320w\" sizes=\"auto, (max-width: 1920px) 100vw, 1920px\" \/><figcaption class=\"wp-element-caption\">Agastache anis\u00e9e<\/figcaption><\/figure>\n<\/div>\n\n<div class=\"wp-block-image is-style-rounded\">\n<figure class=\"alignleft size-full is-resized\"><img loading=\"lazy\" decoding=\"async\" width=\"1440\" height=\"2560\" src=\"https:\/\/lamaisondurondfromage.be\/wp-content\/uploads\/2025\/11\/IMG_20250705_140315-scaled.jpg\" alt=\"\" class=\"wp-image-513\" style=\"width:132px;height:235px\" srcset=\"https:\/\/lamaisondurondfromage.be\/wp-content\/uploads\/2025\/11\/IMG_20250705_140315-scaled.jpg 1440w, https:\/\/lamaisondurondfromage.be\/wp-content\/uploads\/2025\/11\/IMG_20250705_140315-scaled-1000x1778.jpg 1000w, https:\/\/lamaisondurondfromage.be\/wp-content\/uploads\/2025\/11\/IMG_20250705_140315-169x300.jpg 169w, https:\/\/lamaisondurondfromage.be\/wp-content\/uploads\/2025\/11\/IMG_20250705_140315-576x1024.jpg 576w\" sizes=\"auto, (max-width: 1440px) 100vw, 1440px\" \/><figcaption class=\"wp-element-caption\">Origan <\/figcaption><\/figure>\n<\/div>\n\n\n<p>=&gt; Qui dit culture, dit arrosage. <\/p>\n\n\n\n<p>Les plantes, pour d\u00e9velopper leur plein potentiel, doivent pouvoir s&rsquo;adapter&#8230; mais ce n&rsquo;est pas toujours possible. Un petit coup de main leur est donn\u00e9 quand cela est n\u00e9cessaire et surtout lors de leur installation. Et le paillage sera un bon protecteur pour \u00e9viter l&rsquo;\u00e9vaporation de l&rsquo;eau parfois peu pr\u00e9sente \u00e0 certains moments de l&rsquo;ann\u00e9e. <\/p>\n\n\n\n<p>=&gt; Quelques r\u00e9coltes de feuilles, fleurs se font aussi dans la nature, dans des lieux le moins expos\u00e9 \u00e0 la pollution. L\u00e0, on prend ce que la nature nous donne. On s&rsquo;adapte.  <\/p>\n\n\n\n<p>==> Nous n&rsquo;utilisons aucun produit chimique sur nos plants.<\/p>\n\n\n\n<div style=\"height:15px\" aria-hidden=\"true\" class=\"wp-block-spacer\"><\/div>\n\n\n<div class=\"wp-block-image is-style-rounded\">\n<figure class=\"aligncenter size-large is-resized\"><img loading=\"lazy\" decoding=\"async\" width=\"1024\" height=\"576\" src=\"https:\/\/lamaisondurondfromage.be\/wp-content\/uploads\/2025\/11\/IMG_20250408_092405-1024x576.jpg\" alt=\"\" class=\"wp-image-510\" style=\"width:375px;height:auto\" srcset=\"https:\/\/lamaisondurondfromage.be\/wp-content\/uploads\/2025\/11\/IMG_20250408_092405-1024x576.jpg 1024w, https:\/\/lamaisondurondfromage.be\/wp-content\/uploads\/2025\/11\/IMG_20250408_092405-scaled-1000x563.jpg 1000w, https:\/\/lamaisondurondfromage.be\/wp-content\/uploads\/2025\/11\/IMG_20250408_092405-300x169.jpg 300w, https:\/\/lamaisondurondfromage.be\/wp-content\/uploads\/2025\/11\/IMG_20250408_092405-768x432.jpg 768w, https:\/\/lamaisondurondfromage.be\/wp-content\/uploads\/2025\/11\/IMG_20250408_092405-1536x864.jpg 1536w, https:\/\/lamaisondurondfromage.be\/wp-content\/uploads\/2025\/11\/IMG_20250408_092405-2048x1152.jpg 2048w, https:\/\/lamaisondurondfromage.be\/wp-content\/uploads\/2025\/11\/IMG_20250408_092405-1320x743.jpg 1320w\" sizes=\"auto, (max-width: 1024px) 100vw, 1024px\" \/><\/figure>\n<\/div>\n\n\n<p>La serre, install\u00e9e en 2023, permet de cultiver les plantes qui ont besoin de plus de chaleur, de protection des al\u00e9as climatiques de l&rsquo;ardenne pour se d\u00e9velopper. <\/p>\n\n\n\n<div class=\"wp-block-columns is-layout-flex wp-container-core-columns-is-layout-9d6595d7 wp-block-columns-is-layout-flex\">\n<div class=\"wp-block-column is-layout-flow wp-block-column-is-layout-flow\" style=\"flex-basis:100%\">\n<div class=\"wp-block-columns are-vertically-aligned-bottom is-layout-flex wp-container-core-columns-is-layout-9d6595d7 wp-block-columns-is-layout-flex\">\n<div class=\"wp-block-column is-vertically-aligned-bottom is-layout-flow wp-block-column-is-layout-flow\" style=\"flex-basis:100%\">\n<div class=\"wp-block-jetpack-tiled-gallery aligncenter is-style-circle\"><div class=\"\"><div class=\"tiled-gallery__gallery\"><div class=\"tiled-gallery__row columns-3\"><div class=\"tiled-gallery__col\"><figure class=\"tiled-gallery__item\"><img decoding=\"async\" srcset=\"https:\/\/i0.wp.com\/lamaisondurondfromage.be\/wp-content\/uploads\/2025\/11\/IMG_20250605_120026-scaled.jpg?resize=600%2C600&#038;strip=info&#038;ssl=1 600w,https:\/\/i0.wp.com\/lamaisondurondfromage.be\/wp-content\/uploads\/2025\/11\/IMG_20250605_120026-scaled.jpg?resize=900%2C900&#038;strip=info&#038;ssl=1 900w,https:\/\/i0.wp.com\/lamaisondurondfromage.be\/wp-content\/uploads\/2025\/11\/IMG_20250605_120026-scaled.jpg?resize=1200%2C1200&#038;strip=info&#038;ssl=1 1200w,https:\/\/i0.wp.com\/lamaisondurondfromage.be\/wp-content\/uploads\/2025\/11\/IMG_20250605_120026-scaled.jpg?resize=1440%2C1440&#038;strip=info&#038;ssl=1 1440w\" alt=\"\" data-height=\"2560\" data-id=\"509\" data-link=\"https:\/\/lamaisondurondfromage.be\/index.php\/la-culture\/img_20250605_120026\/\" data-url=\"https:\/\/lamaisondurondfromage.be\/wp-content\/uploads\/2025\/11\/IMG_20250605_120026-scaled.jpg\" data-width=\"1440\" src=\"https:\/\/i0.wp.com\/lamaisondurondfromage.be\/wp-content\/uploads\/2025\/11\/IMG_20250605_120026-scaled.jpg?ssl=1&amp;resize=1440%2C1440\" data-amp-layout=\"responsive\"\/><\/figure><\/div><div class=\"tiled-gallery__col\"><figure class=\"tiled-gallery__item\"><img decoding=\"async\" srcset=\"https:\/\/i0.wp.com\/lamaisondurondfromage.be\/wp-content\/uploads\/2025\/11\/IMG_20240813_122654-1024x576.jpg?resize=600%2C600&#038;strip=info&#038;ssl=1 600w,https:\/\/i0.wp.com\/lamaisondurondfromage.be\/wp-content\/uploads\/2025\/11\/IMG_20240813_122654-1024x576.jpg?resize=900%2C900&#038;strip=info&#038;ssl=1 900w,https:\/\/i0.wp.com\/lamaisondurondfromage.be\/wp-content\/uploads\/2025\/11\/IMG_20240813_122654-1024x576.jpg?resize=1200%2C1200&#038;strip=info&#038;ssl=1 1200w,https:\/\/i0.wp.com\/lamaisondurondfromage.be\/wp-content\/uploads\/2025\/11\/IMG_20240813_122654-1024x576.jpg?resize=1440%2C1440&#038;strip=info&#038;ssl=1 1440w\" alt=\"\" data-height=\"1440\" data-id=\"514\" data-link=\"https:\/\/lamaisondurondfromage.be\/index.php\/la-culture\/img_20240813_122654\/\" data-url=\"https:\/\/lamaisondurondfromage.be\/wp-content\/uploads\/2025\/11\/IMG_20240813_122654-1024x576.jpg\" data-width=\"2560\" src=\"https:\/\/i0.wp.com\/lamaisondurondfromage.be\/wp-content\/uploads\/2025\/11\/IMG_20240813_122654-1024x576.jpg?ssl=1&amp;resize=1440%2C1440\" data-amp-layout=\"responsive\"\/><\/figure><\/div><div class=\"tiled-gallery__col\"><figure class=\"tiled-gallery__item\"><img decoding=\"async\" srcset=\"https:\/\/i0.wp.com\/lamaisondurondfromage.be\/wp-content\/uploads\/2025\/11\/IMG_20251018_165640-1024x576.jpg?resize=600%2C600&#038;strip=info&#038;ssl=1 600w,https:\/\/i0.wp.com\/lamaisondurondfromage.be\/wp-content\/uploads\/2025\/11\/IMG_20251018_165640-1024x576.jpg?resize=900%2C900&#038;strip=info&#038;ssl=1 900w,https:\/\/i0.wp.com\/lamaisondurondfromage.be\/wp-content\/uploads\/2025\/11\/IMG_20251018_165640-1024x576.jpg?resize=1200%2C1200&#038;strip=info&#038;ssl=1 1200w,https:\/\/i0.wp.com\/lamaisondurondfromage.be\/wp-content\/uploads\/2025\/11\/IMG_20251018_165640-1024x576.jpg?resize=1440%2C1440&#038;strip=info&#038;ssl=1 1440w\" alt=\"\" data-height=\"1440\" data-id=\"505\" data-link=\"https:\/\/lamaisondurondfromage.be\/index.php\/la-culture\/img_20251018_165640\/\" data-url=\"https:\/\/lamaisondurondfromage.be\/wp-content\/uploads\/2025\/11\/IMG_20251018_165640-1024x576.jpg\" data-width=\"2560\" src=\"https:\/\/i0.wp.com\/lamaisondurondfromage.be\/wp-content\/uploads\/2025\/11\/IMG_20251018_165640-1024x576.jpg?ssl=1&amp;resize=1440%2C1440\" data-amp-layout=\"responsive\"\/><\/figure><\/div><\/div><\/div><\/div><\/div>\n<\/div>\n<\/div>\n<\/div>\n<\/div>\n\n\n\n<p class=\"has-text-align-center has-nv-site-bg-background-color has-background\"><strong>Tout se fait au rythme des saisons. <\/strong><\/p>\n","protected":false},"excerpt":{"rendered":"<p>Quel plaisir de vous proposer des plantes que nous installons, nous transformons, ici, en Ardenne! La vie, sans le travail de la terre, serait bien triste. Donc, nous cultivons: =&gt; des plantes vivaces, que nous repiquons, bouturons pour les installer sur notre terrain \u00e0 Champs ainsi que dans la serre qui sera install\u00e9e cette ann\u00e9e.&hellip;&nbsp;<a href=\"https:\/\/lamaisondurondfromage.be\/index.php\/la-culture\/\" rel=\"bookmark\">Lire la suite &raquo;<span class=\"screen-reader-text\">Les cultures<\/span><\/a><\/p>\n","protected":false},"author":1,"featured_media":0,"parent":0,"menu_order":0,"comment_status":"closed","ping_status":"closed","template":"","meta":{"neve_meta_sidebar":"","neve_meta_container":"","neve_meta_enable_content_width":"","neve_meta_content_width":0,"neve_meta_title_alignment":"center","neve_meta_author_avatar":"","neve_post_elements_order":"","neve_meta_disable_header":"","neve_meta_disable_footer":"","neve_meta_disable_title":"","footnotes":""},"class_list":["post-16","page","type-page","status-publish","hentry"],"jetpack_sharing_enabled":true,"_links":{"self":[{"href":"https:\/\/lamaisondurondfromage.be\/index.php\/wp-json\/wp\/v2\/pages\/16","targetHints":{"allow":["GET"]}}],"collection":[{"href":"https:\/\/lamaisondurondfromage.be\/index.php\/wp-json\/wp\/v2\/pages"}],"about":[{"href":"https:\/\/lamaisondurondfromage.be\/index.php\/wp-json\/wp\/v2\/types\/page"}],"author":[{"embeddable":true,"href":"https:\/\/lamaisondurondfromage.be\/index.php\/wp-json\/wp\/v2\/users\/1"}],"replies":[{"embeddable":true,"href":"https:\/\/lamaisondurondfromage.be\/index.php\/wp-json\/wp\/v2\/comments?post=16"}],"version-history":[{"count":10,"href":"https:\/\/lamaisondurondfromage.be\/index.php\/wp-json\/wp\/v2\/pages\/16\/revisions"}],"predecessor-version":[{"id":515,"href":"https:\/\/lamaisondurondfromage.be\/index.php\/wp-json\/wp\/v2\/pages\/16\/revisions\/515"}],"wp:attachment":[{"href":"https:\/\/lamaisondurondfromage.be\/index.php\/wp-json\/wp\/v2\/media?parent=16"}],"curies":[{"name":"wp","href":"https:\/\/api.w.org\/{rel}","templated":true}]}}